 - 347817 - 537774 + 274188 = 0. What is the tens digit of s?
2
Suppose 0 = 270*v + 116*v - 1491890. What is the hundreds digit of v?
8
Let l(g) be the second derivative of -3*g**5/10 - 5*g**4/12 - 7*g**3/6 - 5*g**2/2 - 218*g. What is the hundreds digit of l(-6)?
1
Let y be (3 - 1)/(58/7917). Suppose -37*q = -33*q - 5*g - 1067, q - y = -5*g. What is the tens digit of q?
6
Let h = 51944 - 39210. What is the thousands digit of h?
2
Let u = -1 + 3. Let w be 2/(-34)*2 - 265/(-85). Suppose u*z - 126 = 2*m, -53 = -w*z + 2*z - 4*m. What is the units digit of z?
1
Suppose 4*s + 120 = 5*x, 0*s = 2*s + 2*x + 78. What is the tens digit of (0 - 1) + (-11 - s)?
2
Let v = 10111 + -5513. What is the tens digit of v?
9
Suppose 2*w - 11*b = -6*b + 15815, 0 = 2*w + 4*b - 15824. What is the units digit of (4/7)/(4/w)?
0
Let o = -287 + -183. Let w = 787 + o. What is the hundreds digit of w?
3
Suppose -32461 = -5*v + 3*l + 6583, 0 = 2*v - l - 15618. What is the units digit of v?
0
Suppose 93*z - 87*z = 60. What is the hundreds digit of 411 + (8 - z) - 8?
4
Let v be ((-33168)/(-120))/((-2)/5). Let b = -250 - v. What is the tens digit of b?
4
Let d = 566 + -218. Suppose 17*m = 21*m - d. What is the units digit of m?
7
Let n(o) = 5*o**2 + 8*o + 3. Let y be n(9). Suppose -51*f + y = -49*f. What is the tens digit of f?
4
Let r be 2*(-1 + (-6)/12). Let j(q) = -165*q + 1. Let p be j(r). Suppose -232 - p = -4*l. What is the hundreds digit of l?
1
Suppose 0 = 2*w + 4*f - 14756, -13*w + 12*w = f - 7379. What is the hundreds digit of w?
3
Let z = 70 - 77. What is the tens digit of (-1)/z - 12/((-588)/3031)?
6
Suppose 5*v - 260 = 5*k + 160, 4*v - 346 = 6*k. What is the units digit of v?
9
Let f be 1*-2 + (2256 - 26). Suppose n + 4*i = 468 + 103, -4*n + f = 2*i. What is the units digit of n?
5
Suppose 4*p + 126 = x, -2*x + 4*p - 464 = -6*x. Let b = 47 - x. Let z = 72 + b. What is the units digit of z?
1
Let m be (-10044)/(-28) - (-4)/14. Suppose -v + 8 = 5*n - 0*n, 2*v = -5*n + 6. Suppose 4*z + 3*o = m, 0*o = 5*z + n*o - 454. What is the tens digit of z?
9
Suppose -15*q + 80 = -5*q. Let x(i) = 11*i - 30. What is the units digit of x(q)?
8
Let m(t) = -17*t - 14. Let o = -83 + 78. Let c be o - 0 - 12/(-6). What is the units digit of m(c)?
7
What is the hundreds digit of 10554*(30/(-18))/(0 + 10/(-15))?
3
Let d = 11802 - 11793. Let u(t) be the first derivative of 2*t**3/3 - 6*t**2 + t + 1. What is the units digit of u(d)?
5
Let z be (-4)/6 + ((-850)/15)/(-10). Suppose z*i + 6880 = 13*i. What is the hundreds digit of i?
8
Suppose 2211*q = 2212*q - 664. What is the tens digit of q?
6
Let q = -554 + 808. Suppose -p + q = 4*d + 27, 3*p - 702 = -5*d. What is the units digit of p?
9
Let w(t) be the third derivative of -t**5/60 - t**4/2 - 35*t**2. Let n be w(-12). What is the hundreds digit of 24444/180 - (2 + n)/(-10)?
1
Let m = 134 - -74. Suppose 335 = 5*r + l, -l - m = -3*r - 3*l. Suppose x = r - 15. What is the tens digit of x?
5
Let a(x) = -36*x - 33. Suppose -2*w + 672 = 6*w. Let f = w - 91. What is the hundreds digit of a(f)?
2
Suppose l - 4*b - 31 = 0, -l - b + 41 = -15. Suppose 5 = 5*i, 5*i = 5*d - 14 - l. What is the units digit of d?
4
Let d(a) = a**2 + 23*a + 36. Let i be d(-22). Suppose -i*u + u = -6890. What is the tens digit of u?
3
Let v be -2 - -7 - 0/(1/(-1)). What is the tens digit of (-12)/18 + 2984/3 + v?
9
Let v(m) = 6*m**2 + 34*m - 10. Let h be v(-6). Suppose 2*p - 1692 = -3*p - h*k, p - 340 = -2*k. What is the hundreds digit of p?
3
Suppose -126 = 8*b - 14. What is the units digit of (21/b)/(0 + (-2)/940)?
5
Suppose -2324 = 28*a - 0*a. Let c = 87 - a. What is the hundreds digit of c?
1
Let d = 37621 - 19662. What is the hundreds digit of d?
9
Let h(x) = -9*x**2 + x - 44. Let l be h(21). Let o = -2827 - l. What is the units digit of o?
5
Suppose 188110 = -86*r + 16*r + 1203460. What is the hundreds digit of r?
5
Suppose -4183*r + 4336*r = 4078521. What is the units digit of r?
7
Let b(s) = s**3 - 3*s**2 + 5*s - 4. Let k be b(3). Let l(n) = -n**3 + 11*n**2 - n + 15. Let u be l(k). Suppose -u*g + 196 = -256. What is the units digit of g?
3
Let m = -36349 - -55973. What is the hundreds digit of m?
6
Let h(t) = -2*t**2 + 22*t + 16. Let s be h(11). Suppose 2 = 6*p - s. Suppose 2*z = p*b + 88, -3*z + 2*b = 26 - 158. What is the tens digit of z?
4
Let q(i) = i**3 - 8*i**2 - 2*i + 15. Let c be q(8). Let d(g) = -1. Let b(p) = 16*p + 40. Let o(v) = c*b(v) - 3*d(v). What is the units digit of o(-7)?
5
Let l(h) = -100*h**3 - h - 1. Suppose -6*g + 9*g + 15 = 0. Let q be ((20/(-16))/g)/((-1)/4). What is the tens digit of l(q)?
0
What is the units digit of ((-361)/(-152)*-6)/(4150/(-2072) - -2)?
1
Suppose -4*f - 118*j = -122*j - 300444, -15 = -3*j. What is the ten thousands digit of f?
7
Suppose 2*w - 165 = -5*v, v + 4*w = 32 + 1. Suppose -v*f - 7406 = -40*f. What is the thousands digit of f?
1
Let a = -213 - -303. Let z = a + -85. Suppose 3*m - 232 = 4*f + 460, -z*m - 2*f = -1188. What is the hundreds digit of m?
2
Suppose 15*a - 14161 - 99509 = 0. What is the tens digit of a?
7
Let t = 168 - -1752. What is the thousands digit of t?
1
What is the units digit of (((-11)/(-1))/(212/(-25387)))/(1/(-12))?
7
Let m be ((10/(-8))/(-1))/((-11)/(-88)). Let k be (2/1)/(m/15*-3). What is the units digit of ((-20)/(-40))/(k/(-246))?
3
Let y be ((-130)/(-3))/(10 - (-160)/(-15)). Let g = 142 + y. What is the tens digit of g?
7
Suppose 7 = 3*d - 2*d. Suppose 23*b - d*b = 10656. What is the hundreds digit of b?
6
Suppose 895*y + i + 24268 = 898*y, -2*y - 2*i = -16192. What is the tens digit of y?
9
Let f(q) = 3*q**3 + 4 + q**2 + 11*q**2 - 5*q**2 - 8*q**2 - 2*q. What is the tens digit of f(3)?
7
What is the thousands digit of ((-8488)/(-10))/((2068/(-47))/(-660))?
2
Suppose 11*u - 7514 = 2914. Suppose 0 = -a + 3*a - u. What is the units digit of a?
4
Let m(y) be the first derivative of 10*y**3/3 - 3*y**2/2 - 29*y - 88. What is the units digit of m(-4)?
3
Let z = 126169 - 78844. What is the hundreds digit of z?
3
Let z(h) = h**3 + 56*h**2 - 32*h - 429. What is the tens digit of z(-28)?
1
Let b be (2/6)/(5/(-120)*-2). Suppose -b*y = 4*d + 24, 6*y - 2*y + d = -12. What is the units digit of (-10)/85 + (y - 771/(-51))?
3
Suppose -25 = 5*x, -5*f + 3*x + 18760 = -0*x. What is the thousands digit of f?
3
Let h = 933 - 927. Suppose q - 1008 = o, 2*q + 3*o = h*q - 4028. What is the units digit of q?
4
Let z(n) = 36*n + 10. Suppose 5*v - 19 - 1 = -5*p, 4*v - 2*p = 16. What is the tens digit of z(v)?
5
Let d = 6498 - 4302. What is the tens digit of d?
9
Let t(o) = 3*o**3 + 2*o**2 + 3*o + 23. Suppose -717*l = -716*l - 8. What is the thousands digit of t(l)?
1
Suppose 0 = 68*z - 67*z - 761. Let j = z + -334. What is the units digit of j?
7
Let c(q) = 14*q**3 + 36*q**2 - 15*q + 287. What is the hundreds digit of c(13)?
9
Suppose 4*p = -5*y + 1085, 2*p = -y - p + 228. Let b = -150 + y. Let c = 101 - b. What is the tens digit of c?
3
Suppose 0 = 3*s + 4*r - 651, s + 4*r = 5*s - 840. Suppose 0 = 3*w - s - 174. What is the hundreds digit of w?
1
Suppose 0 = 4*r - 4*b + 5*b - 11, 2*b + 6 = -r. Suppose -9 = -r*l + 5*l. What is the tens digit of 6 + l + (12 - 4/(-2))?
1
Suppose 4*w + 100 = -2*c + 2, -5*c = -5. Let n(v) = -28*v - 18. What is the hundreds digit of n(w)?
6
Let o be (-4)/((-21)/(-28) - (-3)/(-12)). What is the units digit of (618/o)/(45/(-540))?
7
Suppose 155857 = 1862*r - 1849*r. What is the units digit of r?
9
Let s = 50 - 40. What is the thousands digit of s/((7/122)/7)?
1
Suppose -3*b - 167 = 4*x + 160, -2*b - 2 = 0. Suppose 5*o = 5, 0 = y - 2*o - 198 + 41. Let g = x + y. What is the units digit of g?
8
Let v = -221 - -234. Suppose v*w - 284 - 782 = 0. What is the units digit of w?
2
Let g = -14063 - -32377. What is the ten thousands digit of g?
1
Let q = 6623 + -2773. What is the hundreds digit of q?
8
Suppose -168*f = -145*f - 345092. What is the ten thousands digit of f?
1
Suppose -3*s = 2*d - 1690, 2*s + 614 - 1719 = 3*d. Suppose -s = -2*b + 270. What is the units digit of b?
5
Let g(q) = -3350*q - 188. What is the ten thousands digit of g(-15)?
5
Let v = 15124 + -9354. What is the tens digit of v?
7
Suppose 5*x - 1090 = 2*p, 0*p = 3*p. Let k = -2109 + 1999. Let h = x + k. What is the hund